test common divisor of 740 and c?
37
Let k be (-471)/7 - (-28)/98. Suppose -6*w = -w - 635. Let t = w + k. Calculate the highest common factor of t and 15.
15
Let v(q) = q**3 + 4*q**2 - 3*q + 4. Let h be -1*4/2 + -2. Let g be v(h). What is the highest common divisor of 40 and g?
8
Suppose -4*d = 420 - 900. Calculate the greatest common divisor of 150 and d.
30
Let w(r) = -2*r**3 + 48*r**2 + 3*r + 4. Let z be w(24). Calculate the highest common factor of z and 494.
38
Let w(b) = 10*b**2 - 80*b - 166. Let a be w(-2). Calculate the highest common factor of a and 1258.
34
Let y = -41 - -50. Let x be 4 + 107 - y/(-3). Calculate the highest common divisor of 19 and x.
19
Let q be 53 + (-4 + 6)*-3. Calculate the highest common factor of q and 517.
47
Suppose 13*y - 168 = 118. What is the greatest common divisor of y and 198?
22
Let k(j) = -5*j**2 - j + 1. Let u be k(1). Suppose 6*x - 7*x = 0. Let q be (u + x)/(0 - 1). Calculate the greatest common factor of q and 15.
5
Suppose -26*i + 23*i + 15 = 0. Let f(n) = 36*n**3 - n. Let b be f(1). What is the highest common factor of b and i?
5
Let i(u) = -2*u**2 - 24*u - 18. Let n be i(-11). Suppose 2*y = w + 33 + 95, 0 = 4*y - n*w - 256. What is the greatest common divisor of y and 48?
16
Suppose 6*h - 3*q = 5*h + 34, -2*q - 118 = -5*h. What is the greatest common divisor of 1078 and h?
22
Suppose 196 = -3*f + 10*f. What is the greatest common factor of f and 252?
28
Let r be -8*(-1)/(8/(-102)). Let p be 1/4 + r/(-8). Suppose 2*t - 3*t = -143. Calculate the greatest common divisor of t and p.
13
Let j be (3 - -2) + 2 - 3. Let x(l) = -l**3 + 5*l**2 - 3*l + 1. Let w be x(j). Suppose -31 = -w*s + 49. Calculate the highest common factor of 16 and s.
16
Let i = 100 + -97. Suppose 268 = i*p - 4*c, p = -p - 2*c + 202. What is the greatest common divisor of 12 and p?
12
Suppose 3*r + 5*n + 2 = -3, n + 19 = 3*r. Let h(j) = -j**2 + 2*j + 13. Let m be h(4). Calculate the greatest common factor of m and r.
5
Let y(d) = d**2 - 2*d - 26. Let m be y(6). Let s be -12*(m/10 + (-9)/5). What is the greatest common factor of 12 and s?
12
Let q = -31 - -31. Suppose k - 24 = -q*k. What is the highest common factor of k and 8?
8
Let i(y) = 4*y + 8. Let q be i(-1). Calculate the highest common factor of q and 14.
2
Suppose -6*b + 12*b - 10320 = 0. Suppose 0 = -41*i + 49*i - b. What is the greatest common factor of 43 and i?
43
Suppose 0*x + 2*x - 30 = 0. Let y be 1 - (-4)/6*21. Suppose -8*g - 105 = -y*g. Calculate the highest common divisor of x and g.
15
Suppose 3*y - 2*g = g + 12, -3*y = 2*g - 37. Let b = 8406 - 8370. Calculate the greatest common factor of y and b.
9
Suppose -3*t = t - 12. Suppose -3*y + 10 + 13 = 5. What is the highest common divisor of y and t?
3
Let r = 35 - 63. Let c = -16 - r. What is the greatest common factor of 84 and c?
12
Suppose -30 = -2*j - 4*s, -61 = -13*j + 8*j + 4*s. What is the greatest common factor of j and 637?
13
Let d = 7 + -3. Let n be (-20)/(4080/(-2006)) - (-1)/6. What is the highest common factor of d and n?
2
Suppose -4 = t, -33 = -12*h + 9*h + 3*t. What is the greatest common factor of 3 and h?
1
Let s = -97 + 204. Let p = 233 - s. What is the greatest common factor of p and 36?
18
Let n be (36/(-7))/(6 - 5562/924). What is the greatest common factor of n and 99?
33
Let y be (-439)/3 + (-2)/3. Let v = -209 - y. Let f = -44 - v. What is the highest common divisor of 45 and f?
9
Let r(v) = 76*v**3 - 2*v**2 + 2*v + 1. Let s be r(1). Let f = 99 - s. Calculate the highest common divisor of f and 242.
22
Suppose -124 = 3*r - 6*r - 5*n, 0 = 2*r + 4*n - 84. Calculate the highest common divisor of 171 and r.
19
Let h = 25 + -23. Suppose h*j + 278 = 4*a, 4*j + 191 = 3*a - 15. What is the highest common divisor of 105 and a?
35
Let n be 11*-1 - 14/21*-3. Let b be (-1083)/n + 4/6. Calculate the highest common divisor of 11 and b.
11
Suppose -s = -48 - 9. Let f = s + -47. Calculate the highest common divisor of 60 and f.
10
Let f be (-6)/(-9)*15/2. Suppose 0 = -2*s + s + 5*i + 86, -f*i - 389 = -4*s. Let c = 206 - s. Calculate the highest common divisor of 42 and c.
21
Suppose 0 = -13*j - 136 + 617. Calculate the greatest common factor of 1 and j.
1
Let r(h) = -h**3 - 2*h**2 + 19*h - 6. Let k be r(-6). Suppose -5*a = v - 5*v - 240, 0 = 4*v. What is the greatest common factor of k and a?
24
Suppose -18*v + 93 = -1473. Calculate the highest common factor of 6 and v.
3
Suppose -6*u + 68 + 520 = 0. Calculate the greatest common factor of u and 14.
14
Let t = -188 + 197. Suppose -98 = -0*k + k. Let z = k + 197. What is the highest common factor of z and t?
9
Suppose 11 = 5*o - 19. Let u be 9/o*84/9. Suppose -5*f + 3*j + 167 = j, 195 = 5*f + 5*j. Calculate the highest common divisor of f and u.
7
Let t(h) = 11*h - 4. Suppose 3*o - n - 28 = 4*n, 3*n = -2*o - 13. Let c be t(o). What is the highest common divisor of c and 28?
7
Suppose 0 = -4*m + 7 + 41. Let n = 79 + -122. Let y = n - -103. Calculate the highest common divisor of m and y.
12
Let x(y) = -y**3 + 3*y**2 + 16*y + 1. Let k be x(-3). Let q = 61 + -5. What is the highest common divisor of q and k?
7
Suppose 66 = 43*z - 40*z. Suppose -3*r + 38 = -z. What is the greatest common factor of r and 40?
20
Suppose -4*o - 16 = 0, -5*v = 3*o - 15 - 258. Suppose 4*b - 92 = 2*b. Let p = b - 8. What is the greatest common divisor of v and p?
19
Suppose 14 = -2*u + 38. Suppose q - u = -4. Calculate the highest common factor of 64 and q.
8
Suppose 28 = 4*d + 4*c, 0 = -d + 4*c + 7. What is the highest common factor of 7 and d?
7
Let v = 46 + -7. Let x = -414 - -518. What is the greatest common divisor of x and v?
13
Let k = -315 - -322. Calculate the highest common factor of 35 and k.
7
Let l be (-17446)/(-38) + 14/(-133). What is the greatest common factor of l and 34?
17
Let u = 1171 - 1021. Calculate the greatest common divisor of u and 270.
30
Let w(v) = -15*v - 390. Let o be w(-41). Calculate the highest common divisor of o and 9.
9
Suppose 5*d - 21 = -2*f, -2*d + f = -0*f - 3. Suppose -3*w - 2 = -2*w. Let y be 1 + (6/(-3) - w). What is the highest common factor of y and d?
1
Let t(p) = -p - 1. Let v be t(-7). Let k be ((-54)/v)/((-6)/16). What is the greatest common factor of 3 and k?
3
Let w = 548 - 380. What is the greatest common divisor of 72 and w?
24
Suppose 0 = 18*m - 23*m + 20. Suppose -m*s + 251 = -5. Calculate the highest common divisor of 8 and s.
8
Suppose 4*r + 9172 = 82*l - 78*l, -5*l = 2*r - 11486. Calculate the greatest common divisor of 56 and l.
56
Let l = -29 + 33. Suppose 5*x - 115 = -l*s, 5*s + 2*x - 147 = -x. Let f = s + 34. What is the highest common factor of f and 8?
8
Let b be (2 - 1)/(1/2). Let h = 12 + b. What is the highest common divisor of 21 and h?
7
Suppose -2*s - 2*s = -12. Let w be (804/10)/s + 11/55. Calculate the greatest common factor of w and 135.
27
Suppose -w - 237 = 2*w - 4*v, -w = -v + 78. Let p = 129 + w. Calculate the greatest common factor of 135 and p.
27
Let y(v) = 3*v - 10. Let j be 2*4 - (5 - 1). Let a be y(j). Suppose -f - 4*g + 18 = -0*f, a*f + 4*g = 20. Calculate the greatest common divisor of 6 and f.
2
Suppose u - 112 = -12. What is the highest common divisor of 5 and u?
5
Let u(l) = 14*l**3 - 2*l**2 - 5*l + 5. Let k be u(1). What is the highest common divisor of k and 4?
4
Let c(s) = -s**2 - 8*s - 9. Let l = 3 + 3. Let x = 0 - l. Let a be c(x). What is the highest common divisor of 15 and a?
3
Let n = -232 - -243. What is the highest common divisor of n and 143?
11
Suppose 4*z - 2*m = -524, -3*z + m - 68 = 327. Let i = -88 - z. Suppose -2*v - 3*v + i = 0. What is the greatest common divisor of v and 3?
3
Let y be 81311/(-85) + 6/10. Let i = 388 - y. Let j be i/10 - (-6)/10. Calculate the greatest common factor of j and 54.
27
Let l = -12 + 20. Let b(i) = -i**2 - i - 1. Let j be b(7). Let m = j - -113. Calculate the greatest common divisor of m and l.
8
Let m(q) be the second derivative of q**4/2 + q**2/2 + 25*q. Let r be m(-1). Calculate the highest common divisor of r and 7.
7
Suppose -4*d = -9*d + 25. Let y(g) = g**2 + 5*g - 2. Let a be y(d). Calculate the greatest common divisor of a and 6.
6
Suppose -53*f = -81*f + 2352. Calculate the greatest common factor of 540 and f.
12
Let r = -304 + 309. 